{"id":147,"date":"2023-04-03T13:53:20","date_gmt":"2023-04-03T11:53:20","guid":{"rendered":"https:\/\/kreditservices-nord.de\/kreditservices-nord-gmbh\/?page_id=147"},"modified":"2023-12-12T12:15:19","modified_gmt":"2023-12-12T10:15:19","slug":"lieferkettensorgfaltspflichtengesetz","status":"publish","type":"page","link":"https:\/\/kreditservices-nord.de\/kreditservices-nord-gmbh\/lieferkettensorgfaltspflichtengesetz\/","title":{"rendered":"Lieferkettensorgfaltspflicht"},"content":{"rendered":"\n<p>Das Lieferkettensorgfaltspflichtengesetz (LkSG) verpflichtet deutsche Unternehmen und Unternehmensgruppen ab einer Besch\u00e4ftigtenanzahl von 3.000 Mitarbeitern ab dem 01.01.2023 zur Einrichtung eines Verfahrens, um Hinweise in Bezug auf m\u00f6gliche Menschenrechts- und Umweltverst\u00f6\u00dfe entlang der eigenen Lieferkette oder im eigenen Gesch\u00e4ftsbereich entgegenzunehmen.<\/p>\n\n\n\n<p>Die KreditServices Nord GmbH unterst\u00fctzt das Ziel des LkSG und m\u00f6chte an dieser Stelle darauf hinweisen, dass die M\u00f6glichkeit besteht, an diesem Verfahren teilzunehmen. Ihnen steht daher die M\u00f6glichkeit offen, zu der oben genannten Thematik direkt mit unserem Mutterinstitut NORD\/LB in Kontakt zu treten.<\/p>\n\n\n\n<p><a href=\"https:\/\/www.nordlb.de\/hinweise-beschwerden-an-die-nordlb\">Hinweise\/ Beschwerden an die NORD\/LB: Die NORD\/LB<\/a><\/p>\n\n\n\n<p><a href=\"https:\/\/kreditservices-nord.de\/wp-content\/uploads\/2023\/12\/LKSG-Grundsatzerklaerung-2023_1.0-1.pdf\" data-type=\"attachment\" data-id=\"218\">LKSG Grundsatzerkl\u00e4rung 2023<\/a><\/p>\n","protected":false},"excerpt":{"rendered":"<p>Das Lieferkettensorgfaltspflichtengesetz (LkSG) verpflichtet deutsche Unternehmen und Unternehmensgruppen ab einer Besch\u00e4ftigtenanzahl von 3.000 Mitarbeitern ab dem 01.01.2023 zur Einrichtung eines Verfahrens, um Hinweise in Bezug auf m\u00f6gliche Menschenrechts- und Umweltverst\u00f6\u00dfe entlang der eigenen Lieferkette oder im eigenen Gesch\u00e4ftsbereich entgegenzunehmen. Die KreditServices Nord GmbH unterst\u00fctzt das Ziel des LkSG und m\u00f6chte an dieser Stelle darauf hinweisen,<\/p><\/div>\n<div class=\"blog-btn\"><a href=\"https:\/\/kreditservices-nord.de\/kreditservices-nord-gmbh\/lieferkettensorgfaltspflichtengesetz\/\" class=\"home-blog-btn\">Weiterlesen<\/a><\/p>\n","protected":false},"author":2,"featured_media":0,"parent":0,"menu_order":0,"comment_status":"closed","ping_status":"closed","template":"","meta":{"footnotes":""},"class_list":["post-147","page","type-page","status-publish","hentry"],"_links":{"self":[{"href":"https:\/\/kreditservices-nord.de\/kreditservices-nord-gmbh\/wp-json\/wp\/v2\/pages\/147","targetHints":{"allow":["GET"]}}],"collection":[{"href":"https:\/\/kreditservices-nord.de\/kreditservices-nord-gmbh\/wp-json\/wp\/v2\/pages"}],"about":[{"href":"https:\/\/kreditservices-nord.de\/kreditservices-nord-gmbh\/wp-json\/wp\/v2\/types\/page"}],"author":[{"embeddable":true,"href":"https:\/\/kreditservices-nord.de\/kreditservices-nord-gmbh\/wp-json\/wp\/v2\/users\/2"}],"replies":[{"embeddable":true,"href":"https:\/\/kreditservices-nord.de\/kreditservices-nord-gmbh\/wp-json\/wp\/v2\/comments?post=147"}],"version-history":[{"count":7,"href":"https:\/\/kreditservices-nord.de\/kreditservices-nord-gmbh\/wp-json\/wp\/v2\/pages\/147\/revisions"}],"predecessor-version":[{"id":220,"href":"https:\/\/kreditservices-nord.de\/kreditservices-nord-gmbh\/wp-json\/wp\/v2\/pages\/147\/revisions\/220"}],"wp:attachment":[{"href":"https:\/\/kreditservices-nord.de\/kreditservices-nord-gmbh\/wp-json\/wp\/v2\/media?parent=147"}],"curies":[{"name":"wp","href":"https:\/\/api.w.org\/{rel}","templated":true}]}}